{"id":7549,"date":"2023-05-26T14:08:21","date_gmt":"2023-05-26T14:08:21","guid":{"rendered":"https:\/\/dentalaxess.com\/event\/eoslo-98th-european-orthodontic-society-congress\/"},"modified":"2023-05-26T15:07:44","modified_gmt":"2023-05-26T15:07:44","slug":"eoslo-98th-european-orthodontic-society-congress","status":"publish","type":"event","link":"https:\/\/dentalaxess.com\/de\/event\/eoslo-98th-european-orthodontic-society-congress\/","title":{"rendered":"EOSLO &#8211; 98th European Orthodontic Society Congress"},"content":{"rendered":"<p>Besuchen Sie uns an der diesj\u00e4hrigen EOS in Oslo vom 12. bis 15. Juni 2023. Unser Team wird an Stand Nr. A28 pr\u00e4sent sein, um unsere innovative Xflow Workflow Management Plattform f\u00fcr die interne Herstellung von Clear Alignern vorzustellen. Die Xflow Workflow Management Platform ist eine umfassende digitale L\u00f6sung f\u00fcr Zahnkliniken und Dentallabore, die es erm\u00f6glicht, den gesamten Herstellungsprozess im eigenen Haus zu steuern. Sie entscheiden, ob Sie die Kontrolle \u00fcber den gesamten Prozess \u00fcbernehmen und die Fertigung im eigenen Haus durchf\u00fchren oder ob Sie einen Teil oder auch den kompletten Prozess auslagern m\u00f6chten. Damit haben Sie die volle Flexibilit\u00e4t.<\/p>\n<p>Wir laden alle Teilnehmer ein, uns an unserem Stand zu besuchen und die Zukunft der in-house Herstellung von Clear Alignern zu erleben. Wir freuen uns darauf, Sie in Oslo zu sehen! <\/p>\n","protected":false},"featured_media":7069,"parent":0,"menu_order":0,"template":"","event-categories":[],"acf":[],"yoast_head":"<!-- This site is optimized with the Yoast SEO plugin v22.0 - https:\/\/yoast.com\/wordpress\/plugins\/seo\/ -->\n<title>EOSLO - 98th European Orthodontic Society Congress - Dental Axess<\/title>\n<meta name=\"description\" content=\"We are thrilled to announce that we will be attending the 98th European Orthodontic Society Congress (EOS in Oslo) from June 12-15, 2023.\" \/>\n<meta name=\"robots\" content=\"index, follow, max-snippet:-1, max-image-preview:large, max-video-preview:-1\" \/>\n<link rel=\"canonical\" href=\"https:\/\/dentalaxess.com\/event\/eoslo-98th-european-orthodontic-society-congress\/\" \/>\n<meta property=\"og:locale\" content=\"de_DE\" \/>\n<meta property=\"og:type\" content=\"article\" \/>\n<meta property=\"og:title\" content=\"EOSLO - 98th European Orthodontic Society Congress - Dental Axess\" \/>\n<meta property=\"og:description\" content=\"We are thrilled to announce that we will be attending the 98th European Orthodontic Society Congress (EOS in Oslo) from June 12-15, 2023.\" \/>\n<meta property=\"og:url\" content=\"https:\/\/dentalaxess.com\/event\/eoslo-98th-european-orthodontic-society-congress\/\" \/>\n<meta property=\"og:site_name\" content=\"Dental Axess\" \/>\n<meta property=\"article:publisher\" content=\"https:\/\/www.facebook.com\/DentalAxess\/\" \/>\n<meta property=\"article:modified_time\" content=\"2023-05-26T15:07:44+00:00\" \/>\n<meta property=\"og:image\" content=\"https:\/\/dentalaxess.com\/wp-content\/uploads\/2023\/02\/EOS-2023-scaled.jpg\" \/>\n\t<meta property=\"og:image:width\" content=\"2560\" \/>\n\t<meta property=\"og:image:height\" content=\"1344\" \/>\n\t<meta property=\"og:image:type\" content=\"image\/jpeg\" \/>\n<meta name=\"twitter:card\" content=\"summary_large_image\" \/>\n<meta name=\"twitter:label1\" content=\"Est. reading time\" \/>\n\t<meta name=\"twitter:data1\" content=\"1 minute\" \/>\n<script type=\"application\/ld+json\" class=\"yoast-schema-graph\">{\"@context\":\"https:\/\/schema.org\",\"@graph\":[{\"@type\":\"WebPage\",\"@id\":\"https:\/\/dentalaxess.com\/event\/eoslo-98th-european-orthodontic-society-congress\/\",\"url\":\"https:\/\/dentalaxess.com\/event\/eoslo-98th-european-orthodontic-society-congress\/\",\"name\":\"EOSLO - 98th European Orthodontic Society Congress - Dental Axess\",\"isPartOf\":{\"@id\":\"https:\/\/dentalaxess.com\/#website\"},\"datePublished\":\"2023-05-26T14:08:21+00:00\",\"dateModified\":\"2023-05-26T15:07:44+00:00\",\"description\":\"We are thrilled to announce that we will be attending the 98th European Orthodontic Society Congress (EOS in Oslo) from June 12-15, 2023.\",\"breadcrumb\":{\"@id\":\"https:\/\/dentalaxess.com\/event\/eoslo-98th-european-orthodontic-society-congress\/#breadcrumb\"},\"inLanguage\":\"de-DE\",\"potentialAction\":[{\"@type\":\"ReadAction\",\"target\":[\"https:\/\/dentalaxess.com\/event\/eoslo-98th-european-orthodontic-society-congress\/\"]}]},{\"@type\":\"BreadcrumbList\",\"@id\":\"https:\/\/dentalaxess.com\/event\/eoslo-98th-european-orthodontic-society-congress\/#breadcrumb\",\"itemListElement\":[{\"@type\":\"ListItem\",\"position\":1,\"name\":\"Home\",\"item\":\"https:\/\/dentalaxess.com\/de\/\"},{\"@type\":\"ListItem\",\"position\":2,\"name\":\"Events\",\"item\":\"https:\/\/dentalaxess.com\/de\/event\/\"},{\"@type\":\"ListItem\",\"position\":3,\"name\":\"EOSLO &#8211; 98th European Orthodontic Society Congress\"}]},{\"@type\":\"WebSite\",\"@id\":\"https:\/\/dentalaxess.com\/#website\",\"url\":\"https:\/\/dentalaxess.com\/\",\"name\":\"Dental Axess\",\"description\":\"Perfect digital workflows the Dental Axess way\",\"publisher\":{\"@id\":\"https:\/\/dentalaxess.com\/#organization\"},\"potentialAction\":[{\"@type\":\"SearchAction\",\"target\":{\"@type\":\"EntryPoint\",\"urlTemplate\":\"https:\/\/dentalaxess.com\/?s={search_term_string}\"},\"query-input\":\"required name=search_term_string\"}],\"inLanguage\":\"de-DE\"},{\"@type\":\"Organization\",\"@id\":\"https:\/\/dentalaxess.com\/#organization\",\"name\":\"Dental Axess\",\"url\":\"https:\/\/dentalaxess.com\/\",\"logo\":{\"@type\":\"ImageObject\",\"inLanguage\":\"de-DE\",\"@id\":\"https:\/\/dentalaxess.com\/#\/schema\/logo\/image\/\",\"url\":\"https:\/\/dentalaxess.com\/wp-content\/uploads\/2019\/08\/logo.svg\",\"contentUrl\":\"https:\/\/dentalaxess.com\/wp-content\/uploads\/2019\/08\/logo.svg\",\"width\":154,\"height\":60,\"caption\":\"Dental Axess\"},\"image\":{\"@id\":\"https:\/\/dentalaxess.com\/#\/schema\/logo\/image\/\"},\"sameAs\":[\"https:\/\/www.facebook.com\/DentalAxess\/\",\"https:\/\/www.instagram.com\/dentalaxess\/\",\"https:\/\/www.linkedin.com\/company\/dental-axess\/\",\"https:\/\/www.youtube.com\/channel\/UCEIIUoyhdALy3pxaKE1MytQ\"]}]}<\/script>\n<!-- \/ Yoast SEO plugin. -->","yoast_head_json":{"title":"EOSLO - 98th European Orthodontic Society Congress - Dental Axess","description":"We are thrilled to announce that we will be attending the 98th European Orthodontic Society Congress (EOS in Oslo) from June 12-15, 2023.","robots":{"index":"index","follow":"follow","max-snippet":"max-snippet:-1","max-image-preview":"max-image-preview:large","max-video-preview":"max-video-preview:-1"},"canonical":"https:\/\/dentalaxess.com\/event\/eoslo-98th-european-orthodontic-society-congress\/","og_locale":"de_DE","og_type":"article","og_title":"EOSLO - 98th European Orthodontic Society Congress - Dental Axess","og_description":"We are thrilled to announce that we will be attending the 98th European Orthodontic Society Congress (EOS in Oslo) from June 12-15, 2023.","og_url":"https:\/\/dentalaxess.com\/event\/eoslo-98th-european-orthodontic-society-congress\/","og_site_name":"Dental Axess","article_publisher":"https:\/\/www.facebook.com\/DentalAxess\/","article_modified_time":"2023-05-26T15:07:44+00:00","og_image":[{"width":2560,"height":1344,"url":"https:\/\/dentalaxess.com\/wp-content\/uploads\/2023\/02\/EOS-2023-scaled.jpg","type":"image\/jpeg"}],"twitter_card":"summary_large_image","twitter_misc":{"Est. reading time":"1 minute"},"schema":{"@context":"https:\/\/schema.org","@graph":[{"@type":"WebPage","@id":"https:\/\/dentalaxess.com\/event\/eoslo-98th-european-orthodontic-society-congress\/","url":"https:\/\/dentalaxess.com\/event\/eoslo-98th-european-orthodontic-society-congress\/","name":"EOSLO - 98th European Orthodontic Society Congress - Dental Axess","isPartOf":{"@id":"https:\/\/dentalaxess.com\/#website"},"datePublished":"2023-05-26T14:08:21+00:00","dateModified":"2023-05-26T15:07:44+00:00","description":"We are thrilled to announce that we will be attending the 98th European Orthodontic Society Congress (EOS in Oslo) from June 12-15, 2023.","breadcrumb":{"@id":"https:\/\/dentalaxess.com\/event\/eoslo-98th-european-orthodontic-society-congress\/#breadcrumb"},"inLanguage":"de-DE","potentialAction":[{"@type":"ReadAction","target":["https:\/\/dentalaxess.com\/event\/eoslo-98th-european-orthodontic-society-congress\/"]}]},{"@type":"BreadcrumbList","@id":"https:\/\/dentalaxess.com\/event\/eoslo-98th-european-orthodontic-society-congress\/#breadcrumb","itemListElement":[{"@type":"ListItem","position":1,"name":"Home","item":"https:\/\/dentalaxess.com\/de\/"},{"@type":"ListItem","position":2,"name":"Events","item":"https:\/\/dentalaxess.com\/de\/event\/"},{"@type":"ListItem","position":3,"name":"EOSLO &#8211; 98th European Orthodontic Society Congress"}]},{"@type":"WebSite","@id":"https:\/\/dentalaxess.com\/#website","url":"https:\/\/dentalaxess.com\/","name":"Dental Axess","description":"Perfect digital workflows the Dental Axess way","publisher":{"@id":"https:\/\/dentalaxess.com\/#organization"},"potentialAction":[{"@type":"SearchAction","target":{"@type":"EntryPoint","urlTemplate":"https:\/\/dentalaxess.com\/?s={search_term_string}"},"query-input":"required name=search_term_string"}],"inLanguage":"de-DE"},{"@type":"Organization","@id":"https:\/\/dentalaxess.com\/#organization","name":"Dental Axess","url":"https:\/\/dentalaxess.com\/","logo":{"@type":"ImageObject","inLanguage":"de-DE","@id":"https:\/\/dentalaxess.com\/#\/schema\/logo\/image\/","url":"https:\/\/dentalaxess.com\/wp-content\/uploads\/2019\/08\/logo.svg","contentUrl":"https:\/\/dentalaxess.com\/wp-content\/uploads\/2019\/08\/logo.svg","width":154,"height":60,"caption":"Dental Axess"},"image":{"@id":"https:\/\/dentalaxess.com\/#\/schema\/logo\/image\/"},"sameAs":["https:\/\/www.facebook.com\/DentalAxess\/","https:\/\/www.instagram.com\/dentalaxess\/","https:\/\/www.linkedin.com\/company\/dental-axess\/","https:\/\/www.youtube.com\/channel\/UCEIIUoyhdALy3pxaKE1MytQ"]}]}},"_links":{"self":[{"href":"https:\/\/dentalaxess.com\/de\/wp-json\/wp\/v2\/event\/7549"}],"collection":[{"href":"https:\/\/dentalaxess.com\/de\/wp-json\/wp\/v2\/event"}],"about":[{"href":"https:\/\/dentalaxess.com\/de\/wp-json\/wp\/v2\/types\/event"}],"wp:featuredmedia":[{"embeddable":true,"href":"https:\/\/dentalaxess.com\/de\/wp-json\/wp\/v2\/media\/7069"}],"wp:attachment":[{"href":"https:\/\/dentalaxess.com\/de\/wp-json\/wp\/v2\/media?parent=7549"}],"wp:term":[{"taxonomy":"event-categories","embeddable":true,"href":"https:\/\/dentalaxess.com\/de\/wp-json\/wp\/v2\/event-categories?post=7549"}],"curies":[{"name":"wp","href":"https:\/\/api.w.org\/{rel}","templated":true}]}}

<p>Besuchen Sie uns an der diesjährigen EOS in Oslo vom 12. bis 15. Juni 2023. Unser Team wird an Stand Nr. A28 präsent sein, um unsere innovative Xflow Workflow Management Plattform für die interne Herstellung von Clear Alignern vorzustellen. Die Xflow Workflow Management Platform ist eine umfassende digitale Lösung für Zahnkliniken und Dentallabore, die es ermöglicht, den gesamten Herstellungsprozess im eigenen Haus zu steuern. Sie entscheiden, ob Sie die Kontrolle über den gesamten Prozess übernehmen und die Fertigung im eigenen Haus durchführen oder ob Sie einen Teil oder auch den kompletten Prozess auslagern möchten. Damit haben Sie die volle Flexibilität.</p>
<p>Wir laden alle Teilnehmer ein, uns an unserem Stand zu besuchen und die Zukunft der in-house Herstellung von Clear Alignern zu erleben. Wir freuen uns darauf, Sie in Oslo zu sehen! </p>
