{"id":5059,"date":"2021-06-25T11:36:44","date_gmt":"2021-06-25T11:36:44","guid":{"rendered":"https:\/\/dentalaxess.com\/?p=5059"},"modified":"2023-01-23T12:38:53","modified_gmt":"2023-01-23T12:38:53","slug":"reservez-votre-demo-avec-dental-axess","status":"publish","type":"event","link":"https:\/\/dentalaxess.com\/fr\/event\/reservez-votre-demo-avec-dental-axess\/","title":{"rendered":"R\u00e9servez votre d\u00e9mo avec Dental Axess"},"content":{"rendered":"<p>Nous savons combien il est important pour vous de comparer et de tester toutes les nouvelles technologies afin de faire le bon choix pour votre cabinet. Conform\u00e9ment aux mesures de sant\u00e9 et de s\u00e9curit\u00e9 en vigueur, Dental Axess a le plaisir de proposer des d\u00e9monstrations des scanners intra-oraux Medit i700 et TRIOS dans ses locaux au c\u0153ur de la ville de Zurich ! Appelez-nous d\u00e8s <a href=\"https:\/\/dentalaxess.com\/fr\/contact-us\/\">aujourd&#8217;hui<\/a> pour prendre rendez-vous.<\/p>\n<ul>\n<li>Nombre de places limit\u00e9 pour maintenir la distance sociale et la capacit\u00e9 de la salle.<\/li>\n<li>Pr\u00e9sentation du Medit i700 en comparaison avec les scanners 3Shape TRIOS<\/li>\n<li>Travaux pratiques avec les scanners intra-oraux<\/li>\n<\/ul>\n","protected":false},"featured_media":5034,"parent":0,"menu_order":0,"template":"","event-categories":[],"acf":[],"yoast_head":"<!-- This site is optimized with the Yoast SEO plugin v22.0 - https:\/\/yoast.com\/wordpress\/plugins\/seo\/ -->\n<title>R\u00e9servez votre d\u00e9mo avec Dental Axess - Dental Axess<\/title>\n<meta name=\"description\" content=\"Dental Axess a le plaisir de proposer des d\u00e9monstrations des scanners intra-oraux Medit i700 et TRIOS dans ses locaux au c\u0153ur de Zurich !\" \/>\n<meta name=\"robots\" content=\"index, follow, max-snippet:-1, max-image-preview:large, max-video-preview:-1\" \/>\n<link rel=\"canonical\" href=\"https:\/\/dentalaxess.com\/fr\/event\/reservez-votre-demo-avec-dental-axess\/\" \/>\n<meta property=\"og:locale\" content=\"fr_FR\" \/>\n<meta property=\"og:type\" content=\"article\" \/>\n<meta property=\"og:title\" content=\"R\u00e9servez votre d\u00e9mo avec Dental Axess - Dental Axess\" \/>\n<meta property=\"og:description\" content=\"Dental Axess a le plaisir de proposer des d\u00e9monstrations des scanners intra-oraux Medit i700 et TRIOS dans ses locaux au c\u0153ur de Zurich !\" \/>\n<meta property=\"og:url\" content=\"https:\/\/dentalaxess.com\/fr\/event\/reservez-votre-demo-avec-dental-axess\/\" \/>\n<meta property=\"og:site_name\" content=\"Dental Axess\" \/>\n<meta property=\"article:publisher\" content=\"https:\/\/www.facebook.com\/DentalAxess\/\" \/>\n<meta property=\"article:modified_time\" content=\"2023-01-23T12:38:53+00:00\" \/>\n<meta property=\"og:image\" content=\"https:\/\/dentalaxess.com\/wp-content\/uploads\/2021\/06\/demo.jpg\" \/>\n\t<meta property=\"og:image:width\" content=\"1200\" \/>\n\t<meta property=\"og:image:height\" content=\"375\" \/>\n\t<meta property=\"og:image:type\" content=\"image\/jpeg\" \/>\n<meta name=\"twitter:card\" content=\"summary_large_image\" \/>\n<meta name=\"twitter:label1\" content=\"Est. reading time\" \/>\n\t<meta name=\"twitter:data1\" content=\"1 minute\" \/>\n<script type=\"application\/ld+json\" class=\"yoast-schema-graph\">{\"@context\":\"https:\/\/schema.org\",\"@graph\":[{\"@type\":\"WebPage\",\"@id\":\"https:\/\/dentalaxess.com\/fr\/event\/reservez-votre-demo-avec-dental-axess\/\",\"url\":\"https:\/\/dentalaxess.com\/fr\/event\/reservez-votre-demo-avec-dental-axess\/\",\"name\":\"R\u00e9servez votre d\u00e9mo avec Dental Axess - Dental Axess\",\"isPartOf\":{\"@id\":\"https:\/\/dentalaxess.com\/#website\"},\"datePublished\":\"2021-06-25T11:36:44+00:00\",\"dateModified\":\"2023-01-23T12:38:53+00:00\",\"description\":\"Dental Axess a le plaisir de proposer des d\u00e9monstrations des scanners intra-oraux Medit i700 et TRIOS dans ses locaux au c\u0153ur de Zurich !\",\"breadcrumb\":{\"@id\":\"https:\/\/dentalaxess.com\/fr\/event\/reservez-votre-demo-avec-dental-axess\/#breadcrumb\"},\"inLanguage\":\"fr-FR\",\"potentialAction\":[{\"@type\":\"ReadAction\",\"target\":[\"https:\/\/dentalaxess.com\/fr\/event\/reservez-votre-demo-avec-dental-axess\/\"]}]},{\"@type\":\"BreadcrumbList\",\"@id\":\"https:\/\/dentalaxess.com\/fr\/event\/reservez-votre-demo-avec-dental-axess\/#breadcrumb\",\"itemListElement\":[{\"@type\":\"ListItem\",\"position\":1,\"name\":\"Home\",\"item\":\"https:\/\/dentalaxess.com\/fr\/\"},{\"@type\":\"ListItem\",\"position\":2,\"name\":\"Events\",\"item\":\"https:\/\/dentalaxess.com\/de\/event\/\"},{\"@type\":\"ListItem\",\"position\":3,\"name\":\"R\u00e9servez votre d\u00e9mo avec Dental Axess\"}]},{\"@type\":\"WebSite\",\"@id\":\"https:\/\/dentalaxess.com\/#website\",\"url\":\"https:\/\/dentalaxess.com\/\",\"name\":\"Dental Axess\",\"description\":\"Perfect digital workflows the Dental Axess way\",\"publisher\":{\"@id\":\"https:\/\/dentalaxess.com\/#organization\"},\"potentialAction\":[{\"@type\":\"SearchAction\",\"target\":{\"@type\":\"EntryPoint\",\"urlTemplate\":\"https:\/\/dentalaxess.com\/?s={search_term_string}\"},\"query-input\":\"required name=search_term_string\"}],\"inLanguage\":\"fr-FR\"},{\"@type\":\"Organization\",\"@id\":\"https:\/\/dentalaxess.com\/#organization\",\"name\":\"Dental Axess\",\"url\":\"https:\/\/dentalaxess.com\/\",\"logo\":{\"@type\":\"ImageObject\",\"inLanguage\":\"fr-FR\",\"@id\":\"https:\/\/dentalaxess.com\/#\/schema\/logo\/image\/\",\"url\":\"https:\/\/dentalaxess.com\/wp-content\/uploads\/2019\/08\/logo.svg\",\"contentUrl\":\"https:\/\/dentalaxess.com\/wp-content\/uploads\/2019\/08\/logo.svg\",\"width\":154,\"height\":60,\"caption\":\"Dental Axess\"},\"image\":{\"@id\":\"https:\/\/dentalaxess.com\/#\/schema\/logo\/image\/\"},\"sameAs\":[\"https:\/\/www.facebook.com\/DentalAxess\/\",\"https:\/\/www.instagram.com\/dentalaxess\/\",\"https:\/\/www.linkedin.com\/company\/dental-axess\/\",\"https:\/\/www.youtube.com\/channel\/UCEIIUoyhdALy3pxaKE1MytQ\"]}]}<\/script>\n<!-- \/ Yoast SEO plugin. -->","yoast_head_json":{"title":"R\u00e9servez votre d\u00e9mo avec Dental Axess - Dental Axess","description":"Dental Axess a le plaisir de proposer des d\u00e9monstrations des scanners intra-oraux Medit i700 et TRIOS dans ses locaux au c\u0153ur de Zurich !","robots":{"index":"index","follow":"follow","max-snippet":"max-snippet:-1","max-image-preview":"max-image-preview:large","max-video-preview":"max-video-preview:-1"},"canonical":"https:\/\/dentalaxess.com\/fr\/event\/reservez-votre-demo-avec-dental-axess\/","og_locale":"fr_FR","og_type":"article","og_title":"R\u00e9servez votre d\u00e9mo avec Dental Axess - Dental Axess","og_description":"Dental Axess a le plaisir de proposer des d\u00e9monstrations des scanners intra-oraux Medit i700 et TRIOS dans ses locaux au c\u0153ur de Zurich !","og_url":"https:\/\/dentalaxess.com\/fr\/event\/reservez-votre-demo-avec-dental-axess\/","og_site_name":"Dental Axess","article_publisher":"https:\/\/www.facebook.com\/DentalAxess\/","article_modified_time":"2023-01-23T12:38:53+00:00","og_image":[{"width":1200,"height":375,"url":"https:\/\/dentalaxess.com\/wp-content\/uploads\/2021\/06\/demo.jpg","type":"image\/jpeg"}],"twitter_card":"summary_large_image","twitter_misc":{"Est. reading time":"1 minute"},"schema":{"@context":"https:\/\/schema.org","@graph":[{"@type":"WebPage","@id":"https:\/\/dentalaxess.com\/fr\/event\/reservez-votre-demo-avec-dental-axess\/","url":"https:\/\/dentalaxess.com\/fr\/event\/reservez-votre-demo-avec-dental-axess\/","name":"R\u00e9servez votre d\u00e9mo avec Dental Axess - Dental Axess","isPartOf":{"@id":"https:\/\/dentalaxess.com\/#website"},"datePublished":"2021-06-25T11:36:44+00:00","dateModified":"2023-01-23T12:38:53+00:00","description":"Dental Axess a le plaisir de proposer des d\u00e9monstrations des scanners intra-oraux Medit i700 et TRIOS dans ses locaux au c\u0153ur de Zurich !","breadcrumb":{"@id":"https:\/\/dentalaxess.com\/fr\/event\/reservez-votre-demo-avec-dental-axess\/#breadcrumb"},"inLanguage":"fr-FR","potentialAction":[{"@type":"ReadAction","target":["https:\/\/dentalaxess.com\/fr\/event\/reservez-votre-demo-avec-dental-axess\/"]}]},{"@type":"BreadcrumbList","@id":"https:\/\/dentalaxess.com\/fr\/event\/reservez-votre-demo-avec-dental-axess\/#breadcrumb","itemListElement":[{"@type":"ListItem","position":1,"name":"Home","item":"https:\/\/dentalaxess.com\/fr\/"},{"@type":"ListItem","position":2,"name":"Events","item":"https:\/\/dentalaxess.com\/de\/event\/"},{"@type":"ListItem","position":3,"name":"R\u00e9servez votre d\u00e9mo avec Dental Axess"}]},{"@type":"WebSite","@id":"https:\/\/dentalaxess.com\/#website","url":"https:\/\/dentalaxess.com\/","name":"Dental Axess","description":"Perfect digital workflows the Dental Axess way","publisher":{"@id":"https:\/\/dentalaxess.com\/#organization"},"potentialAction":[{"@type":"SearchAction","target":{"@type":"EntryPoint","urlTemplate":"https:\/\/dentalaxess.com\/?s={search_term_string}"},"query-input":"required name=search_term_string"}],"inLanguage":"fr-FR"},{"@type":"Organization","@id":"https:\/\/dentalaxess.com\/#organization","name":"Dental Axess","url":"https:\/\/dentalaxess.com\/","logo":{"@type":"ImageObject","inLanguage":"fr-FR","@id":"https:\/\/dentalaxess.com\/#\/schema\/logo\/image\/","url":"https:\/\/dentalaxess.com\/wp-content\/uploads\/2019\/08\/logo.svg","contentUrl":"https:\/\/dentalaxess.com\/wp-content\/uploads\/2019\/08\/logo.svg","width":154,"height":60,"caption":"Dental Axess"},"image":{"@id":"https:\/\/dentalaxess.com\/#\/schema\/logo\/image\/"},"sameAs":["https:\/\/www.facebook.com\/DentalAxess\/","https:\/\/www.instagram.com\/dentalaxess\/","https:\/\/www.linkedin.com\/company\/dental-axess\/","https:\/\/www.youtube.com\/channel\/UCEIIUoyhdALy3pxaKE1MytQ"]}]}},"_links":{"self":[{"href":"https:\/\/dentalaxess.com\/fr\/wp-json\/wp\/v2\/event\/5059"}],"collection":[{"href":"https:\/\/dentalaxess.com\/fr\/wp-json\/wp\/v2\/event"}],"about":[{"href":"https:\/\/dentalaxess.com\/fr\/wp-json\/wp\/v2\/types\/event"}],"wp:featuredmedia":[{"embeddable":true,"href":"https:\/\/dentalaxess.com\/fr\/wp-json\/wp\/v2\/media\/5034"}],"wp:attachment":[{"href":"https:\/\/dentalaxess.com\/fr\/wp-json\/wp\/v2\/media?parent=5059"}],"wp:term":[{"taxonomy":"event-categories","embeddable":true,"href":"https:\/\/dentalaxess.com\/fr\/wp-json\/wp\/v2\/event-categories?post=5059"}],"curies":[{"name":"wp","href":"https:\/\/api.w.org\/{rel}","templated":true}]}}

Réservez votre démo avec Dental Axess

<p>Nous savons combien il est important pour vous de comparer et de tester toutes les nouvelles technologies afin de faire le bon choix pour votre cabinet. Conformément aux mesures de santé et de sécurité en vigueur, Dental Axess a le plaisir de proposer des démonstrations des scanners intra-oraux Medit i700 et TRIOS dans ses locaux au cœur de la ville de Zurich ! Appelez-nous dès <a href="https://dentalaxess.com/fr/contact-us/">aujourd&#8217;hui</a> pour prendre rendez-vous.</p>
<ul>
<li>Nombre de places limité pour maintenir la distance sociale et la capacité de la salle.</li>
<li>Présentation du Medit i700 en comparaison avec les scanners 3Shape TRIOS</li>
<li>Travaux pratiques avec les scanners intra-oraux</li>
</ul>

<!-- This site is optimized with the Yoast SEO plugin v22.0 - https://yoast.com/wordpress/plugins/seo/ -->
<title>Réservez votre démo avec Dental Axess - Dental Axess</title>
<meta name="description" content="Dental Axess a le plaisir de proposer des démonstrations des scanners intra-oraux Medit i700 et TRIOS dans ses locaux au cœur de Zurich !" />
<meta name="robots" content="index, follow, max-snippet:-1, max-image-preview:large, max-video-preview:-1" />
<link rel="canonical" href="https://dentalaxess.com/fr/event/reservez-votre-demo-avec-dental-axess/" />
<meta property="og:locale" content="fr_FR" />
<meta property="og:type" content="article" />
<meta property="og:title" content="Réservez votre démo avec Dental Axess - Dental Axess" />
<meta property="og:description" content="Dental Axess a le plaisir de proposer des démonstrations des scanners intra-oraux Medit i700 et TRIOS dans ses locaux au cœur de Zurich !" />
<meta property="og:url" content="https://dentalaxess.com/fr/event/reservez-votre-demo-avec-dental-axess/" />
<meta property="og:site_name" content="Dental Axess" />
<meta property="article:publisher" content="https://www.facebook.com/DentalAxess/" />
<meta property="article:modified_time" content="2023-01-23T12:38:53+00:00" />
<meta property="og:image" content="https://dentalaxess.com/wp-content/uploads/2021/06/demo.jpg" />
	<meta property="og:image:width" content="1200" />
	<meta property="og:image:height" content="375" />
	<meta property="og:image:type" content="image/jpeg" />
<meta name="twitter:card" content="summary_large_image" />
<meta name="twitter:label1" content="Est. reading time" />
	<meta name="twitter:data1" content="1 minute" />
<script type="application/ld+json" class="yoast-schema-graph">{"@context":"https://schema.org","@graph":[{"@type":"WebPage","@id":"https://dentalaxess.com/fr/event/reservez-votre-demo-avec-dental-axess/","url":"https://dentalaxess.com/fr/event/reservez-votre-demo-avec-dental-axess/","name":"Réservez votre démo avec Dental Axess - Dental Axess","isPartOf":{"@id":"https://dentalaxess.com/#website"},"datePublished":"2021-06-25T11:36:44+00:00","dateModified":"2023-01-23T12:38:53+00:00","description":"Dental Axess a le plaisir de proposer des démonstrations des scanners intra-oraux Medit i700 et TRIOS dans ses locaux au cœur de Zurich !","breadcrumb":{"@id":"https://dentalaxess.com/fr/event/reservez-votre-demo-avec-dental-axess/#breadcrumb"},"inLanguage":"fr-FR","potentialAction":[{"@type":"ReadAction","target":["https://dentalaxess.com/fr/event/reservez-votre-demo-avec-dental-axess/"]}]},{"@type":"BreadcrumbList","@id":"https://dentalaxess.com/fr/event/reservez-votre-demo-avec-dental-axess/#breadcrumb","itemListElement":[{"@type":"ListItem","position":1,"name":"Home","item":"https://dentalaxess.com/fr/"},{"@type":"ListItem","position":2,"name":"Events","item":"https://dentalaxess.com/de/event/"},{"@type":"ListItem","position":3,"name":"Réservez votre démo avec Dental Axess"}]},{"@type":"WebSite","@id":"https://dentalaxess.com/#website","url":"https://dentalaxess.com/","name":"Dental Axess","description":"Perfect digital workflows the Dental Axess way","publisher":{"@id":"https://dentalaxess.com/#organization"},"potentialAction":[{"@type":"SearchAction","target":{"@type":"EntryPoint","urlTemplate":"https://dentalaxess.com/?s={search_term_string}"},"query-input":"required name=search_term_string"}],"inLanguage":"fr-FR"},{"@type":"Organization","@id":"https://dentalaxess.com/#organization","name":"Dental Axess","url":"https://dentalaxess.com/","logo":{"@type":"ImageObject","inLanguage":"fr-FR","@id":"https://dentalaxess.com/#/schema/logo/image/","url":"https://dentalaxess.com/wp-content/uploads/2019/08/logo.svg","contentUrl":"https://dentalaxess.com/wp-content/uploads/2019/08/logo.svg","width":154,"height":60,"caption":"Dental Axess"},"image":{"@id":"https://dentalaxess.com/#/schema/logo/image/"},"sameAs":["https://www.facebook.com/DentalAxess/","https://www.instagram.com/dentalaxess/","https://www.linkedin.com/company/dental-axess/","https://www.youtube.com/channel/UCEIIUoyhdALy3pxaKE1MytQ"]}]}</script>
<!-- / Yoast SEO plugin. -->

Réservez votre démo avec Dental Axess - Dental Axess

Dental Axess a le plaisir de proposer des démonstrations des scanners intra-oraux Medit i700 et TRIOS dans ses locaux au cœur de Zurich !
